ns digit of y(-5)?
2
What is the tens digit of ((-34)/391 + 34/(-138))/((-2)/116232)?
7
Suppose 4*g - f - 7 = -6*f, -4*f + 8 = 4*g. Suppose h - g*h + 2 = 0, 3*o = 4*h + 530. What is the units digit of o?
8
Let k(m) = 17*m - 7. Let o be k(8). Let q = o + -32. Suppose 5*p - q = 23. What is the tens digit of p?
2
Suppose -51 = 5*y - 71. Suppose -y*x + 4321 = -1491. What is the units digit of x?
3
Suppose 127*c - 218172 - 326531 = 0. What is the tens digit of c?
8
Suppose -9*y + 36 - 189 = 0. Let w(u) be the second derivative of u**5/20 + 4*u**4/3 - 4*u**3 - 7*u**2/2 + u. What is the hundreds digit of w(y)?
1
Let t = 3349 - -1336. What is the hundreds digit of t?
6
Let s(f) = 4*f**2 + 14*f. Let x be (13 - 10)/(6/(-8)). Let n be s(x). Suppose 0 = -0*y - n*y + 704. What is the units digit of y?
8
Let g = -33 + 34. Let q = g - -2. Suppose -169 = -4*i - 3*r, -173 = -q*i - i + r. What is the tens digit of i?
4
Suppose -95*q - 224008 = -1163748. What is the thousands digit of q?
9
Let q = 65 + -62. Suppose 0 = b + 4*p - 1268 - 630, -4*p + 5678 = q*b. What is the tens digit of b?
9
Suppose 120*p + 136297 = 127*p. What is the tens digit of p?
7
Let d(g) = 216*g**3 - 26*g**2 + 53*g - 3. What is the tens digit of d(2)?
2
Let w(f) = -489*f**3 - 121*f**2 + 18*f + 95. What is the hundreds digit of w(-4)?
3
Let m(l) = -6*l**3 - 4*l**2 + 21*l - 34. Let j(q) = 11*q**3 + 9*q**2 - 40*q + 69. Let y(f) = -4*j(f) - 7*m(f). What is the tens digit of y(-10)?
3
Suppose -6*b + 135 = -3*b. Let s = b + -37. What is the hundreds digit of (4 - -134) + s/(-4)?
1
Suppose 3*l - 201 = -51. Suppose l*s - 45*s = 15. What is the tens digit of -6 + -1 + s - -24?
2
Let w = 16 - -6. Let s = w - 232. What is the tens digit of 6/(-12) - (-2 + s/4)?
5
Let x(u) = 54*u**2 + 10*u + 7. Let g be x(-4). Let f = -33 + g. What is the units digit of f?
8
Suppose 0 = 14*h + 15035 - 3009. Let c = 1548 + h. What is the tens digit of c?
8
Let y(b) = -7 + 3*b**2 - 3 - 14*b + 0*b**2 - 12*b. Let l be y(12). Suppose -40*o = -35*o - l. What is the tens digit of o?
2
What is the units digit of ((-5)/(-2))/((-365)/(-215058))?
3
Let c = -79 - -84. Suppose 0 = -c*k + 2101 + 1174. Suppose 5*t + 3*g - k = 0, 3*t + g + g = 393. What is the tens digit of t?
3
Suppose 12*w = 9784 - 30232. Let k = -852 - w. What is the tens digit of k?
5
Suppose 123 = o - 5*d, -d = 2*o - 93 - 197. Let t(m) = -2*m**2 - 55*m + 67. Let b be t(-30). Let n = o + b. What is the units digit of n?
0
Let w = -11293 + 17291. What is the thousands digit of w?
5
Let x = 87936 + -38406. What is the ten thousands digit of x?
4
Let c be (-4)/6 + (-11568)/36 - -2. Let a = c + 384. What is the tens digit of a?
6
Suppose 170676 = 154*m - 150*m - 4*x, 5*m + 5*x = 213315. What is the tens digit of m?
6
Suppose 4*l - 3*h = -2*h + 15, 4*l - 4*h = 12. Let u be -2 + (-2)/(-2) + l/1. Suppose -u*z = -9*z + 852. What is the hundreds digit of z?
1
Suppose -5*s - w + 150 = w, -5*w - 89 = -2*s. Suppose 3*b - 6 = 4*o, 4*b - 2*o + 0 = 8. Let a = s - b. What is the tens digit of a?
3
Suppose 23*f + 12*f = 262500. What is the units digit of f?
0
Let o(k) = k + 4. Let c be o(-1). Suppose c*m + m = 6*m. Suppose m = -12*u + 7*u + 520. What is the tens digit of u?
0
Let j = 2449 + 753. What is the thousands digit of j?
3
Let v = -565 - -457. What is the units digit of (72/v)/((-4)/10374)?
9
Let l(g) be the third derivative of g**6/60 - 11*g**5/15 - 13*g**4/24 + 19*g**3/2 + 118*g**2. What is the units digit of l(23)?
6
Let a(s) = 34*s**2 + 4 + 47*s**2 - 5. Let g = -625 - -624. What is the units digit of a(g)?
0
Let q = -21 + 21. Suppose q*v = -4*v. Suppose -c + 4 = i - 4, 5*c - 2*i - 47 = v. What is the units digit of c?
9
Let j = -3220 + 4594. What is the thousands digit of j?
1
Let w be (-34870)/(-121) - (-4)/(-22). Let u be w/(-15)*100/(-15). Suppose -11*q = -7*q - u. What is the tens digit of q?
3
What is the hundreds digit of (-34)/136 + 47895/12?
9
Let l(x) = -77*x**3 + 4*x**2 + 5*x + 10. Let w be l(-3). Suppose 9*y = w + 599. What is the hundreds digit of y?
3
Suppose -4*b - 2*s = s + 5, s = 3*b + 7. Let d = b - -2. Suppose o - 66 = -u, d = -u - 3*u + 2*o + 252. What is the units digit of u?
4
Suppose -13179 = -5*y + 10*y - 2*b, 4*b + 7923 = -3*y. What is the tens digit of y/(-6)*(-10)/(-15)?
9
Suppose -3*m + 5*w - 3128 = -0*w, 4*m = 4*w - 4160. Let b = -563 - m. What is the tens digit of b?
7
Let l = 39619 + -22805. What is the hundreds digit of l?
8
Suppose -1222*o - 214524 = -1226*o. What is the hundreds digit of o?
6
Suppose 3*h = 3, 0 = 2*o + 33*h - 37*h - 31408. What is the thousands digit of o?
5
Suppose 0 = 2*r - 1265 + 1765. What is the tens digit of (-248)/(-10)*r/(-100)?
6
Let a(c) = 7*c - 15. Suppose 8*g + 15 = 13*g. Let p be a(g). Suppose 0 = p*t - t - 155. What is the units digit of t?
1
Let k(p) = -18 + 14*p + 2*p**3 + 8 - 10*p**2 - 4*p**2 - p**3. Let t be k(13). Let c(s) = 31*s + 8. What is the units digit of c(t)?
1
Let f(r) be the third derivative of 17*r**5/60 - r**4/12 + 5*r**3/6 - 213*r**2. What is the hundreds digit of f(6)?
6
Let m(j) = 5*j - 118. Let y(o) = 12*o - 235. Let g(q) = -7*m(q) + 3*y(q). What is the units digit of g(-28)?
3
Suppose -94*g + 160325 = -369083. What is the thousands digit of g?
5
Suppose 3*m - 59 = r, 4*r + 191 = m + 2*m. Let p = 44 + r. Suppose 99 = 5*z - w - 487, p = 3*z - 5*w - 334. What is the hundreds digit of z?
1
Let c(o) = -642*o - 1621. What is the thousands digit of c(-44)?
6
Let l(d) = 1710*d - 216. What is the thousands digit of l(1)?
1
Suppose 0 = -g + 3*i + 6932, 5*g - 7*i + 5*i - 34712 = 0. What is the hundreds digit of g?
9
Let u = -70423 + 108836. What is the tens digit of u?
1
Suppose 3*c + 4*c = 2667. Suppose -4*k + 510 = 3*q, -c = -3*k - 4*q + q. What is the tens digit of (k/(-12))/(4/(-32))?
8
Suppose -11*s - 5438940 = -258*s. What is the thousands digit of s?
2
Suppose -36*b + 40*b + 1068 = -4*m, 0 = 4*m - b + 1058. Let f = m - -535. What is the hundreds digit of f?
2
What is the tens digit of 4457/1*(265 - 263)?
1
Let c(b) = -23*b**2 - 33 + 3*b + 28 + 0*b + 35*b**2 + 6*b**3. What is the tens digit of c(4)?
8
Let k(f) = 22*f - 2. Let b be k(1). What is the tens digit of 12*(-1 + (-4 - (-995)/b))?
3
Let b = 9 + 0. Suppose -330 = -7*u - 23*u. Suppose 0 = -u*n + b*n + 170. What is the tens digit of n?
8
Let t(n) = -28*n**2 + 4*n - 5. Let z be t(3). Let c = 1159 + z. What is the hundreds digit of c?
9
Let q = 422 + 158. Let w = -192 + q. What is the tens digit of w?
8
Let v(k) = -5*k - 24. Suppose 2*f - 460 = -2*f. Suppose 4*p = a - 86, p - 5*a + f = -4*p. What is the tens digit of v(p)?
8
Suppose -1398 + 5313 + 456 = 47*u. Suppose w + 4 = 3*n - 4*n, -5*w - 20 = -2*n. Suppose n = 5*s - 3*j - 760, -s + 66 = -2*j - u. What is the tens digit of s?
4
Let w be ((6/(-4))/(-3))/((-16)/(-320)). Let b = -9 + w. What is the hundreds digit of 13/(-13) + b + 131?
1
Let n be (-9 - (-9 + 7)) + -7. Let u(i) = 2*i**2 + i - 10. What is the units digit of u(n)?
8
Suppose 5*j - 32 = 2*j - 5*h, 4*j = 5*h - 4. Let z(c) = -113*c**3 + 11*c**2 + 3*c + 3. Let o be z(-1). Suppose j*s - o = 60. What is the units digit of s?
6
Let m(a) = -74*a**2 - 8*a + 37. Let g be m(3). Let y = g + 1204. What is the hundreds digit of y?
5
Let r(a) = 1582*a**2 - 8*a + 6. What is the units digit of r(5)?
6
Suppose -m + 41 + 270 = 0. Let x be (41/3)/(13/(-39)*1*1). Let k = x + m. What is the hundreds digit of k?
2
Suppose 35*g = 15407 + 12418. What is the units digit of g?
5
Let q = -722 + -91. Let i = -381 - q. What is the tens digit of i?
3
What is the tens digit of (19124/(-6))/((-336)/2016)?
2
Suppose 5*i = 3*r - 16, i - 2 = r - 3*r. Suppose 5*m = 2*a - 793, -m = -2*a - r*a + 1559. What is the tens digit of a?
8
Suppose -v - 5*w - 23 = -0*v, 14 = -2*v - 2*w. What is the units digit of ((-1372)/(-8))/(v/(-6))?
3
Suppose -5*x + 169593 = 4*a, -3*x - x = -5*a - 135658. What is the hundreds digit of 2/10 + x/65?
5
Let h = -5047 + 6662. What is the thousands digit of h?
1
Let k = -1689 + 11130. What is the hundreds digit of k?
4
What is the units digit of ((-1)/2)/(8 - 3012/376)?
7
Suppose 0 = -n + 2*v + 4*v + 15056, -45315 = -3*n - 3*v. What is the ten thousands digit of n?
1
Suppose -25*i + 2810 = x - 27*i, i - 3 = 0. What is the tens digi